{"id":685,"date":"2015-11-24T07:42:31","date_gmt":"2015-11-24T07:42:31","guid":{"rendered":"http:\/\/cdn.logistics.stylemixthemes.com\/demo\/?page_id=685"},"modified":"2026-03-10T16:31:13","modified_gmt":"2026-03-10T19:31:13","slug":"servicios-comercio-exterior","status":"publish","type":"page","link":"https:\/\/www.sabbadini.com.ar\/sitio\/servicios-comercio-exterior\/","title":{"rendered":"Servicios"},"content":{"rendered":"<p>[vc_row css=&#8221;.vc_custom_1449137312762{margin-bottom: 40px !important;}&#8221;][vc_column offset=&#8221;vc_col-lg-4 vc_col-md-4&#8243; css=&#8221;.vc_custom_1449137321169{margin-bottom: 40px !important;}&#8221;][vc_column_text]<\/p>\n<h2>Eficiencia, compromiso y seguridad<\/h2>\n<p>[\/vc_column_text][\/vc_column][vc_column offset=&#8221;vc_col-lg-8 vc_col-md-8&#8243;][vc_column_text]Operamos como Despachantes de Aduana en forma directa en las Aduanas de Rosario, San Lorenzo, San Nicol\u00e1s, Buenos Aires, Ezeiza y La Plata, adem\u00e1s de contar con corresponsales en todas las Aduanas del Pa\u00eds.<\/p>\n<p>Nuestra actividad implica un constante y estrecho contacto con la Direcci\u00f3n General de Aduanas y con todos los organismos que intervienen en la operatoria de importaci\u00f3n, exportaci\u00f3n y tr\u00e1nsito de mercader\u00edas.<br \/>\nPara el adecuado manejo de nuestro trabajo, contamos con personal altamente calificado, oficinas y medios de comunicaci\u00f3n y movilidad propia.[\/vc_column_text][\/vc_column][\/vc_row][vc_row][vc_column width=&#8221;1\/3&#8243;][stm_service_info title=&#8221;Tramites aduaneros&#8221; image=&#8221;1414&#8243; css=&#8221;.vc_custom_1476916213514{margin-bottom: 25px !important;}&#8221;]Contamos con personal altamente calificado, oficinas, medios de comunicaci\u00f3n y movilidad propia. Estamos\u00a0conectados al Sistema Inform\u00e1tico Mar\u00eda y al servicio de pagos electr\u00f3nicos Datanet.<\/p>\n<ul>\n<li>Despachos de importaci\u00f3n y exportaci\u00f3n.<\/li>\n<li>Admisi\u00f3n temporaria.<\/li>\n<li>Env\u00edos en consignaci\u00f3n.<\/li>\n<li>R\u00e9gimen de muestras.<\/li>\n<li>Intervenciones ante organismos de control y fiscalizaci\u00f3n.<\/li>\n<li>Seguimiento de reembolsos, reintegros y draw-back.<\/li>\n<\/ul>\n<p>[\/stm_service_info][\/vc_column][vc_column width=&#8221;1\/3&#8243;][stm_service_info image=&#8221;1413&#8243; title=&#8221;Transporte Internacional&#8221;]Brindamos un completo servicio en cargas internacionales, desde y hacia cualquier lugar del mundo, asistiendo a nuestros clientes en la contrataci\u00f3n y coordinaci\u00f3n de los transportes, terrestres, mar\u00edtimos y a\u00e9reos, como as\u00ed tambi\u00e9n el seguimiento de la carga hasta su entrega en destino.<\/p>\n<ul>\n<li>Tr\u00e1nsitos terrestres.<\/li>\n<li>Transbordos fluviales por barcazas.<\/li>\n<li>Fletes mar\u00edtimos, terrestres y a\u00e9reos.<\/li>\n<li>Consolidaci\u00f3n y desconsolidaci\u00f3n de cargas.<\/li>\n<li>Seguros de transporte internacional.<\/li>\n<\/ul>\n<p>[\/stm_service_info][\/vc_column][vc_column width=&#8221;1\/3&#8243;][stm_service_info image=&#8221;1438&#8243; title=&#8221;Otros servicios&#8221;]Contamos con una amplia experiencia en todo lo relacionado con el COMERCIO INTERNACIONAL que ofrecemos a nuestros clientes, para la mejor atenci\u00f3n de sus operaciones:<\/p>\n<ul>\n<li>Asesoramiento integral en comercio exterior.<\/li>\n<li>Gestiones bancarias &#8211; An\u00e1lisis y manejo de Cartas de Cr\u00e9ditos.<\/li>\n<li>Tramitaciones antes organismos oficiales (Sec. Industria, INTI, etc)<\/li>\n<li>R\u00e9gimenes especiales de importaci\u00f3n y exportaci\u00f3n.<\/li>\n<\/ul>\n<p>[\/stm_service_info][\/vc_column][\/vc_row][vc_row full_width=&#8221;stretch_row&#8221; css=&#8221;.vc_custom_1449137637970{margin-bottom: 0px !important;padding-top: 80px !important;padding-bottom: 30px !important;background-color: #f7f7f7 !important;}&#8221;][vc_column width=&#8221;1\/2&#8243; css=&#8221;.vc_custom_1449137646409{margin-bottom: 40px !important;}&#8221;][vc_column_text]<\/p>\n<h3>Soluciones efectivas<\/h3>\n<p>Nuestra larga\u00a0permanencia en el oficio nos a dejado la experiencia necesaria para poder abordar las situaciones que nuestro labor conlleva otorgando las soluciones efectivas que nuestros clientes necesitan.[\/vc_column_text][\/vc_column][vc_column width=&#8221;1\/2&#8243; css=&#8221;.vc_custom_1449137653081{margin-bottom: 40px !important;}&#8221;][vc_column_text]<\/p>\n<h3>Compromiso<\/h3>\n<p>Porque sabemos que es importante, estamos comprometidos con lo que hacemos, dando lo mejor de nosotros para obtener los mejores resultados. Nuestro esfuerzo siempre est\u00e1 abocado al bienestar de quienes conf\u00edan en nosotros, por esa raz\u00f3n el compromiso es una de las bases de nuestra empresa.[\/vc_column_text][\/vc_column][\/vc_row][vc_row full_width=&#8221;stretch_row_content_no_spaces&#8221; equal_height=&#8221;yes&#8221; content_placement=&#8221;top&#8221; el_class=&#8221;secondary_bg_color services_icons reset-sm-paddings&#8221; css=&#8221;.vc_custom_1450671531930{margin-bottom: 0px !important;}&#8221;][vc_column css=&#8221;.vc_custom_1449204255225{padding-top: 75px !important;padding-right: 115px !important;padding-bottom: 75px !important;padding-left: 115px !important;}&#8221; offset=&#8221;vc_col-lg-4 vc_col-md-4&#8243;][stm_icon icon_size=&#8221;67&#8243; icon_height=&#8221;90&#8243; title_font_size=&#8221;24&#8243; title_font_weight=&#8221;700&#8243; align=&#8221;center&#8221; icon=&#8221;stm-security&#8221; title=&#8221;Seguridad&#8221; text=&#8221;Opere seguro! Sabemos que le importa, por eso trabajamos para ofrecerle el mejor servicio.&#8221; icon_color=&#8221;#ffffff&#8221; title_color=&#8221;#ffffff&#8221; text_color=&#8221;#ffffff&#8221;][\/vc_column][vc_column css=&#8221;.vc_custom_1449204260881{padding-top: 75px !important;padding-right: 115px !important;padding-bottom: 75px !important;padding-left: 115px !important;background-color: rgba(0,0,0,0.1) !important;*background-color: rgb(0,0,0) !important;}&#8221; offset=&#8221;vc_col-lg-4 vc_col-md-4&#8243;][stm_icon icon_size=&#8221;67&#8243; icon_height=&#8221;90&#8243; title_font_size=&#8221;24&#8243; title_font_weight=&#8221;700&#8243; align=&#8221;center&#8221; icon=&#8221;stm-fast-delivery&#8221; title=&#8221;Eficiencia&#8221; text=&#8221;Estamos preparados! Nuestro personal esta abocado al 100% para que su carga llegue en tiempo y forma.&#8221; icon_color=&#8221;#ffffff&#8221; title_color=&#8221;#ffffff&#8221; text_color=&#8221;#ffffff&#8221;][\/vc_column][vc_column css=&#8221;.vc_custom_1449204266169{padding-top: 75px !important;padding-right: 115px !important;padding-bottom: 75px !important;padding-left: 115px !important;background-color: rgba(0,0,0,0.2) !important;*background-color: rgb(0,0,0) !important;}&#8221; offset=&#8221;vc_col-lg-4 vc_col-md-4&#8243;][stm_icon icon_size=&#8221;67&#8243; icon_height=&#8221;90&#8243; title_font_size=&#8221;24&#8243; title_font_weight=&#8221;700&#8243; align=&#8221;center&#8221; icon=&#8221;stm-support&#8221; title=&#8221;Soporte&#8221; text=&#8221;Estamos para ayudarlo! nuestras l\u00edneas de comunicaci\u00f3n est\u00e1n disponibles para nuestros clientes.&#8221; icon_color=&#8221;#ffffff&#8221; title_color=&#8221;#ffffff&#8221; text_color=&#8221;#ffffff&#8221;][\/vc_column][\/vc_row]<\/p>\n","protected":false},"excerpt":{"rendered":"<p>[vc_row css=&#8221;.vc_custom_1449137312762{margin-bottom: 40px !important;}&#8221;][vc_column offset=&#8221;vc_col-lg-4 vc_col-md-4&#8243; css=&#8221;.vc_custom_1449137321169{margin-bottom: 40px !important;}&#8221;][vc_column_text] Eficiencia, compromiso y seguridad [\/vc_column_text][\/vc_column][vc_column offset=&#8221;vc_col-lg-8 vc_col-md-8&#8243;][vc_column_text]Operamos como Despachantes de Aduana en forma directa en las Aduanas de Rosario, San Lorenzo, San Nicol\u00e1s, Buenos&#8230;<\/p>\n","protected":false},"author":1,"featured_media":0,"parent":0,"menu_order":0,"comment_status":"closed","ping_status":"closed","template":"","meta":{"footnotes":""},"class_list":["post-685","page","type-page","status-publish","hentry"],"yoast_head":"<!-- This site is optimized with the Yoast SEO plugin v27.4 - https:\/\/yoast.com\/product\/yoast-seo-wordpress\/ -->\n<title>Servicios | Servicios de Comercio Exterior | Despachante de Aduana en Rosario<\/title>\n<meta name=\"description\" content=\"Servicios de despacho de aduana, asesoramiento en comercio exterior, gesti\u00f3n de importaciones y exportaciones para empresas desde Rosario, Santa Fe.\" \/>\n<meta name=\"robots\" content=\"index, follow, max-snippet:-1, max-image-preview:large, max-video-preview:-1\" \/>\n<link rel=\"canonical\" href=\"https:\/\/www.sabbadini.com.ar\/sitio\/servicios-comercio-exterior\/\" \/>\n<meta property=\"og:locale\" content=\"es_ES\" \/>\n<meta property=\"og:type\" content=\"article\" \/>\n<meta property=\"og:title\" content=\"Servicios | Servicios de Comercio Exterior | Despachante de Aduana en Rosario\" \/>\n<meta property=\"og:description\" content=\"Servicios de despacho de aduana, asesoramiento en comercio exterior, gesti\u00f3n de importaciones y exportaciones para empresas desde Rosario, Santa Fe.\" \/>\n<meta property=\"og:url\" content=\"https:\/\/www.sabbadini.com.ar\/sitio\/servicios-comercio-exterior\/\" \/>\n<meta property=\"og:site_name\" content=\"Sabbadini Comex\" \/>\n<meta property=\"article:publisher\" content=\"https:\/\/www.facebook.com\/sabbadinicomex\" \/>\n<meta property=\"article:modified_time\" content=\"2026-03-10T19:31:13+00:00\" \/>\n<meta name=\"twitter:card\" content=\"summary_large_image\" \/>\n<meta name=\"twitter:label1\" content=\"Tiempo de lectura\" \/>\n\t<meta name=\"twitter:data1\" content=\"3 minutos\" \/>\n<script type=\"application\/ld+json\" class=\"yoast-schema-graph\">{\"@context\":\"https:\\\/\\\/schema.org\",\"@graph\":[{\"@type\":\"WebPage\",\"@id\":\"https:\\\/\\\/www.sabbadini.com.ar\\\/sitio\\\/servicios-comercio-exterior\\\/\",\"url\":\"https:\\\/\\\/www.sabbadini.com.ar\\\/sitio\\\/servicios-comercio-exterior\\\/\",\"name\":\"Servicios | Servicios de Comercio Exterior | Despachante de Aduana en Rosario\",\"isPartOf\":{\"@id\":\"http:\\\/\\\/www.sabbadini.com.ar\\\/sitio\\\/#website\"},\"datePublished\":\"2015-11-24T07:42:31+00:00\",\"dateModified\":\"2026-03-10T19:31:13+00:00\",\"description\":\"Servicios de despacho de aduana, asesoramiento en comercio exterior, gesti\u00f3n de importaciones y exportaciones para empresas desde Rosario, Santa Fe.\",\"breadcrumb\":{\"@id\":\"https:\\\/\\\/www.sabbadini.com.ar\\\/sitio\\\/servicios-comercio-exterior\\\/#breadcrumb\"},\"inLanguage\":\"es-AR\",\"potentialAction\":[{\"@type\":\"ReadAction\",\"target\":[\"https:\\\/\\\/www.sabbadini.com.ar\\\/sitio\\\/servicios-comercio-exterior\\\/\"]}]},{\"@type\":\"BreadcrumbList\",\"@id\":\"https:\\\/\\\/www.sabbadini.com.ar\\\/sitio\\\/servicios-comercio-exterior\\\/#breadcrumb\",\"itemListElement\":[{\"@type\":\"ListItem\",\"position\":1,\"name\":\"Inicio\",\"item\":\"http:\\\/\\\/www.sabbadini.com.ar\\\/sitio\\\/\"},{\"@type\":\"ListItem\",\"position\":2,\"name\":\"Servicios\"}]},{\"@type\":\"WebSite\",\"@id\":\"http:\\\/\\\/www.sabbadini.com.ar\\\/sitio\\\/#website\",\"url\":\"http:\\\/\\\/www.sabbadini.com.ar\\\/sitio\\\/\",\"name\":\"Sabbadini Comex\",\"description\":\"Comercio Exterior - Despachantes de aduana -| Rosario, Argentina, Mercosur.\",\"publisher\":{\"@id\":\"http:\\\/\\\/www.sabbadini.com.ar\\\/sitio\\\/#organization\"},\"potentialAction\":[{\"@type\":\"SearchAction\",\"target\":{\"@type\":\"EntryPoint\",\"urlTemplate\":\"http:\\\/\\\/www.sabbadini.com.ar\\\/sitio\\\/?s={search_term_string}\"},\"query-input\":{\"@type\":\"PropertyValueSpecification\",\"valueRequired\":true,\"valueName\":\"search_term_string\"}}],\"inLanguage\":\"es-AR\"},{\"@type\":\"Organization\",\"@id\":\"http:\\\/\\\/www.sabbadini.com.ar\\\/sitio\\\/#organization\",\"name\":\"Sabbadini Comercio Exterior\",\"url\":\"http:\\\/\\\/www.sabbadini.com.ar\\\/sitio\\\/\",\"logo\":{\"@type\":\"ImageObject\",\"inLanguage\":\"es-AR\",\"@id\":\"http:\\\/\\\/www.sabbadini.com.ar\\\/sitio\\\/#\\\/schema\\\/logo\\\/image\\\/\",\"url\":\"http:\\\/\\\/www.sabbadini.com.ar\\\/sitio\\\/wp-content\\\/uploads\\\/2016\\\/09\\\/logo_sabbadini_sf.png\",\"contentUrl\":\"http:\\\/\\\/www.sabbadini.com.ar\\\/sitio\\\/wp-content\\\/uploads\\\/2016\\\/09\\\/logo_sabbadini_sf.png\",\"width\":448,\"height\":246,\"caption\":\"Sabbadini Comercio Exterior\"},\"image\":{\"@id\":\"http:\\\/\\\/www.sabbadini.com.ar\\\/sitio\\\/#\\\/schema\\\/logo\\\/image\\\/\"},\"sameAs\":[\"https:\\\/\\\/www.facebook.com\\\/sabbadinicomex\",\"https:\\\/\\\/ar.linkedin.com\\\/company\\\/sabbadini-comercio-exterior\"]}]}<\/script>\n<!-- \/ Yoast SEO plugin. -->","yoast_head_json":{"title":"Servicios | Servicios de Comercio Exterior | Despachante de Aduana en Rosario","description":"Servicios de despacho de aduana, asesoramiento en comercio exterior, gesti\u00f3n de importaciones y exportaciones para empresas desde Rosario, Santa Fe.","robots":{"index":"index","follow":"follow","max-snippet":"max-snippet:-1","max-image-preview":"max-image-preview:large","max-video-preview":"max-video-preview:-1"},"canonical":"https:\/\/www.sabbadini.com.ar\/sitio\/servicios-comercio-exterior\/","og_locale":"es_ES","og_type":"article","og_title":"Servicios | Servicios de Comercio Exterior | Despachante de Aduana en Rosario","og_description":"Servicios de despacho de aduana, asesoramiento en comercio exterior, gesti\u00f3n de importaciones y exportaciones para empresas desde Rosario, Santa Fe.","og_url":"https:\/\/www.sabbadini.com.ar\/sitio\/servicios-comercio-exterior\/","og_site_name":"Sabbadini Comex","article_publisher":"https:\/\/www.facebook.com\/sabbadinicomex","article_modified_time":"2026-03-10T19:31:13+00:00","twitter_card":"summary_large_image","twitter_misc":{"Tiempo de lectura":"3 minutos"},"schema":{"@context":"https:\/\/schema.org","@graph":[{"@type":"WebPage","@id":"https:\/\/www.sabbadini.com.ar\/sitio\/servicios-comercio-exterior\/","url":"https:\/\/www.sabbadini.com.ar\/sitio\/servicios-comercio-exterior\/","name":"Servicios | Servicios de Comercio Exterior | Despachante de Aduana en Rosario","isPartOf":{"@id":"http:\/\/www.sabbadini.com.ar\/sitio\/#website"},"datePublished":"2015-11-24T07:42:31+00:00","dateModified":"2026-03-10T19:31:13+00:00","description":"Servicios de despacho de aduana, asesoramiento en comercio exterior, gesti\u00f3n de importaciones y exportaciones para empresas desde Rosario, Santa Fe.","breadcrumb":{"@id":"https:\/\/www.sabbadini.com.ar\/sitio\/servicios-comercio-exterior\/#breadcrumb"},"inLanguage":"es-AR","potentialAction":[{"@type":"ReadAction","target":["https:\/\/www.sabbadini.com.ar\/sitio\/servicios-comercio-exterior\/"]}]},{"@type":"BreadcrumbList","@id":"https:\/\/www.sabbadini.com.ar\/sitio\/servicios-comercio-exterior\/#breadcrumb","itemListElement":[{"@type":"ListItem","position":1,"name":"Inicio","item":"http:\/\/www.sabbadini.com.ar\/sitio\/"},{"@type":"ListItem","position":2,"name":"Servicios"}]},{"@type":"WebSite","@id":"http:\/\/www.sabbadini.com.ar\/sitio\/#website","url":"http:\/\/www.sabbadini.com.ar\/sitio\/","name":"Sabbadini Comex","description":"Comercio Exterior - Despachantes de aduana -| Rosario, Argentina, Mercosur.","publisher":{"@id":"http:\/\/www.sabbadini.com.ar\/sitio\/#organization"},"potentialAction":[{"@type":"SearchAction","target":{"@type":"EntryPoint","urlTemplate":"http:\/\/www.sabbadini.com.ar\/sitio\/?s={search_term_string}"},"query-input":{"@type":"PropertyValueSpecification","valueRequired":true,"valueName":"search_term_string"}}],"inLanguage":"es-AR"},{"@type":"Organization","@id":"http:\/\/www.sabbadini.com.ar\/sitio\/#organization","name":"Sabbadini Comercio Exterior","url":"http:\/\/www.sabbadini.com.ar\/sitio\/","logo":{"@type":"ImageObject","inLanguage":"es-AR","@id":"http:\/\/www.sabbadini.com.ar\/sitio\/#\/schema\/logo\/image\/","url":"http:\/\/www.sabbadini.com.ar\/sitio\/wp-content\/uploads\/2016\/09\/logo_sabbadini_sf.png","contentUrl":"http:\/\/www.sabbadini.com.ar\/sitio\/wp-content\/uploads\/2016\/09\/logo_sabbadini_sf.png","width":448,"height":246,"caption":"Sabbadini Comercio Exterior"},"image":{"@id":"http:\/\/www.sabbadini.com.ar\/sitio\/#\/schema\/logo\/image\/"},"sameAs":["https:\/\/www.facebook.com\/sabbadinicomex","https:\/\/ar.linkedin.com\/company\/sabbadini-comercio-exterior"]}]}},"_links":{"self":[{"href":"https:\/\/www.sabbadini.com.ar\/sitio\/wp-json\/wp\/v2\/pages\/685","targetHints":{"allow":["GET"]}}],"collection":[{"href":"https:\/\/www.sabbadini.com.ar\/sitio\/wp-json\/wp\/v2\/pages"}],"about":[{"href":"https:\/\/www.sabbadini.com.ar\/sitio\/wp-json\/wp\/v2\/types\/page"}],"author":[{"embeddable":true,"href":"https:\/\/www.sabbadini.com.ar\/sitio\/wp-json\/wp\/v2\/users\/1"}],"replies":[{"embeddable":true,"href":"https:\/\/www.sabbadini.com.ar\/sitio\/wp-json\/wp\/v2\/comments?post=685"}],"version-history":[{"count":20,"href":"https:\/\/www.sabbadini.com.ar\/sitio\/wp-json\/wp\/v2\/pages\/685\/revisions"}],"predecessor-version":[{"id":1439,"href":"https:\/\/www.sabbadini.com.ar\/sitio\/wp-json\/wp\/v2\/pages\/685\/revisions\/1439"}],"wp:attachment":[{"href":"https:\/\/www.sabbadini.com.ar\/sitio\/wp-json\/wp\/v2\/media?parent=685"}],"curies":[{"name":"wp","href":"https:\/\/api.w.org\/{rel}","templated":true}]}}